3
Let d(n) = -16*n**3 + 2*n**2 + n + 2. Let y be d(2). Let q = 38 - 32. Let f be (-1 + q)*y/(-10). What is the greatest common factor of 87 and f?
29
Let x be ((-4)/6)/((40/(-36))/5). Suppose -x*k - 2*k = -165. What is the greatest common factor of 3 and k?
3
Let y = -1020 - -1050. What is the highest common divisor of 210 and y?
30
Suppose -4*g + 7 = a, -5*g = a + a - 26. Calculate the highest common divisor of a and 92.
23
Let f(i) = 40*i - 272. Let j be f(11). What is the highest common divisor of j and 24?
24
Let o be (10/4)/((-9)/(-167 - 13)). Let s = -43 - -63. What is the highest common factor of o and s?
10
Suppose 5*r + 3*s = 29, 5*r - 3*s + 3 - 14 = 0. Suppose -2*n + 0 = -r. Let h be (n + 0)/((-1)/(-24)). What is the greatest common factor of h and 6?
6
Suppose 0 = -p + 2*p + 111. Suppose 14*z + 628 = -2312. Let q = p - z. Calculate the highest common divisor of q and 11.
11
Let n(t) = t + 3*t + 11 + 3*t - 3*t. Let a be n(6). Let d = -19 + a. What is the highest common factor of 40 and d?
8
Let w = 1204 - 1188. Calculate the greatest common factor of w and 632.
8
Suppose -6*x + 9*x - 1092 = 0. Let r be 2/(-10) + x/20. Suppose -108 = -5*y - 18. Calculate the highest common divisor of y and r.
18
Suppose -7*y = -0*y - 189. Let s = y - -17. Calculate the highest common divisor of s and 110.
22
Suppose -2*w = 6, 31*v + 2*w = 35*v - 122. Calculate the highest common factor of v and 1334.
29
Let f(p) = p**3 + 2*p**2 - 90*p - 9. Let v be f(9). Calculate the highest common divisor of 360 and v.
72
Suppose -183 - 473 = -4*s. Calculate the highest common factor of s and 369.
41
Let n be (6 + -9 + -1)*(-4)/2. Let s(r) = -r**3 + 7*r**2 + 8*r + 9. Let j be s(n). What is the greatest common divisor of j and 3?
3
Let z = -26 - -61. Suppose 7*r + 30 = 128. What is the greatest common divisor of r and z?
7
Let f = -103 - -128. Suppose 3*g = 5*g. Suppose g = -3*s, y + 0*y + s = 275. What is the highest common factor of y and f?
25
Suppose 5*o - 2*z = 21 + 55, 44 = 4*o + 4*z. What is the greatest common factor of o and 182?
14
Let k = 722 + -414. What is the greatest common divisor of 44 and k?
44
Let l = -1511 + 2980. What is the highest common divisor of l and 13?
13
Let s(m) = -4*m. Let w be s(-3). Suppose 2*l + 5*b - 121 = -l, -5*b - 47 = -l. What is the highest common divisor of l and w?
6
Let o be ((-1 - -3) + -1)*117. Suppose 5*d = 5*l + 55, 4*d + l - 50 = 2*l. What is the greatest common factor of d and o?
13
Suppose 46*s - 33*s - 858 = 0. Let m be (-2 - -3)/((-1)/(-8)). Suppose -3*w + m*w = 220. Calculate the highest common factor of w and s.
22
Suppose -2*s = -3*h - 973, 0*h - 2001 = -4*s - 5*h. What is the highest common factor of s and 52?
26
Suppose 0 = w - 6*w + 20. Let x = 13 - w. Calculate the greatest common divisor of x and 72.
9
Suppose -5*p - 4*v + 20 = -6, 4*p + v = 12. Let b be p*(12 - (-1 + 2)). Calculate the highest common factor of 11 and b.
11
Let v be (14/(-10) - (-16)/40)*-374. Calculate the highest common factor of v and 102.
34
Suppose 2*m = -5*u + 7, m - 4*m - 5*u = -13. Let h = m - -14. Suppose 4 = -4*s - 4*g, -g - 14 = -s + g. Calculate the greatest common factor of s and h.
4
Suppose 18 = 23*u - 17*u. Suppose -y = -5*h, 5*y - 2*h - u*h = 80. What is the greatest common factor of 30 and y?
10
Let l = 547 - 300. What is the highest common factor of l and 19?
19
Suppose 39*z = 5*g + 40*z - 78, -z = g - 18. What is the greatest common divisor of 2595 and g?
15
Let m(x) = x**2 + 44*x + 75. Let n be m(-47). What is the highest common factor of 27 and n?
27
Let z = -647 + 1079. What is the highest common divisor of 16 and z?
16
Let r be (255/60 - 2)/((-1)/(-96)). What is the greatest common factor of 24 and r?
24
Let w(t) = -35*t + 55. Let d(v) = 4*v - 6. Let r(i) = 55*d(i) + 6*w(i). Let y be r(3). What is the greatest common factor of 18 and y?
6
Let m = 61 - 27. Let u(d) = -80 + d**2 + 36 + 17 + 7*d. Let a be u(-13). Calculate the greatest common factor of m and a.
17
Let v(g) = g - 19. Let y be v(0). Let b be (-1 + y)*(-3)/3. Let r = -343 + 348. What is the greatest common divisor of b and r?
5
Let l be ((-407)/(-74))/((-3)/6 + 1). What is the highest common factor of l and 187?
11
Let o(w) = w**2 - 8*w - 30. Let u be o(14). Suppose -4*l + 260 = -5*n, 3*l - 3*n - 249 = -u. What is the greatest common divisor of 26 and l?
13
Let g be 1/(-9) - 5/(405/(-2601)). Calculate the greatest common factor of 180 and g.
4
Let k be 14679/378 - (-1)/6. What is the highest common divisor of k and 481?
13
Suppose 2*o = d - o, -2*o = 2*d - 16. Let t = 1343 - 1205. Calculate the greatest common factor of d and t.
6
Suppose p + 84*p = 43945. What is the highest common factor of 11 and p?
11
Suppose 3*y = -4*y + 5*y. Suppose -4*d - 2*k + 92 = y, -3*d - 9 = -5*k - 52. Calculate the greatest common divisor of 28 and d.
7
Let o(n) = -n**3 - 6*n**2 + n + 2. Let k be o(-6). Let c be 1/1 + k/(-2). Let u be -10 - (-11 + 3 + -8). What is the highest common divisor of c and u?
3
Suppose -20*q + 10*q = -9*q. Let h(p) = p**2 + 60. Let v be h(q). What is the greatest common factor of 24 and v?
12
Suppose 1496 = -120*h + 128*h. Calculate the highest common divisor of h and 51.
17
Let v = -38 - -42. Suppose v*k - 5*h = 30 + 29, -15 = -3*h. Let u(z) = -10*z**3 - 4*z**2 + z. Let s be u(-3). What is the greatest common divisor of s and k?
21
Suppose 2*q = 53 + 195. What is the highest common factor of q and 217?
31
Suppose -224 = -5*u + 3*v + 62, -u = -v - 58. What is the highest common factor of 136 and u?
8
Let z = 51 + 18. Suppose -3*x - 12 + z = 0. What is the highest common factor of x and 76?
19
Let r(o) = -2*o**3 - o**2 + 7*o + 12. Let d be r(-3). What is the greatest common divisor of 30 and d?
6
Let z(a) = 6*a**2 + 18*a + 18. Let u be z(-7). What is the highest common divisor of u and 155?
31
Let p = 287 + -211. What is the highest common factor of p and 4?
4
Let f(b) = -b**2 - 7*b + 2. Suppose -4*y = -3*l - 30, -7*l - 45 = -2*l - 5*y. Let c be f(l). What is the highest common factor of 1 and c?
1
Let z(i) = 10*i**2 - 5*i + 6. Let k be z(2). Suppose k + 0 = 3*v. What is the highest common divisor of 108 and v?
12
Suppose 4*h + 167 = r, 5*h - 146 - 764 = -5*r. Suppose 0 = -5*w + r + 166. Let j = 919 - 896. What is the highest common divisor of w and j?
23
Suppose -2*r = 2*b - 50, -2*r - 5*b + 46 = -2*b. Calculate the greatest common factor of 1073 and r.
29
Let q = -763 - -1235. What is the greatest common factor of q and 59?
59
Let o = 1 - -8. Suppose -9*s = 5*s - 14. What is the greatest common divisor of s and o?
1
Suppose 5*g - 5*l + 6 = -2*l, g - l = 0. Let x = g - -3. Suppose x = -3*p - n + 106, -1 = -3*n + 11. What is the highest common factor of p and 85?
17
Let l be 14/3 - (-2)/(-3). Let p be 1 - 2 - (-41 - -28). Calculate the greatest common divisor of p and l.
4
Let h be ((-6)/(-2))/((-147)/(-3038)). What is the greatest common factor of h and 1674?
62
Let w = 103 - 88. Let q be 2/(-9) - (-959)/63. What is the greatest common divisor of q and w?
15
Let r(u) = -2*u**2 - 47*u + 181. Let g be r(-23). Calculate the highest common divisor of g and 12.
12
Suppose 11*d - 8*d + 2*w = 951, -w = -3. Calculate the greatest common divisor of 63 and d.
63
Let o(h) = -h**2 + 8*h - 7. Let c be o(6). Suppose -n - 1 = -g, -g + 2*g + 7 = c*n. Let v be -1*3/(-6)*4. Calculate the greatest common factor of v and n.
2
Suppose 2*f - 4*q = -8 + 4, 0 = -5*f - q + 23. Suppose 16*y - f*y = 108. What is the greatest common divisor of 63 and y?
9
Let n(p) = 5*p**3 + p - 2. Let a be n(1). Suppose 0 = a*t - 454 - 74. Calculate the greatest common factor of t and 12.
12
Suppose -3*r + 100 = 2*o - 46, 4*r - 3*o - 172 = 0. Calculate the greatest common divisor of 598 and r.
46
Suppose 5 + 0 = -5*o. Let p = -17 - o. Let a = p - -25. Calculate the highest common factor of a and 99.
9
Suppose 3*d = 2*s + 25, 4*d = 3*s + s + 32. Suppose 0*i - 3*i + 13 = -2*t, -4*i + 25 = 5*t. Calculate the greatest common factor of d and t.
1
Suppose 455*m + 24 = 458*m. Calculate the highest common divisor of m and 8.
8
Let b = 23 - 20. Suppose 16 = 5*r + b*g, -r + 2 - 6 = 3*g. Calculate the highest common divisor of r and 55.
5
Let q(b) = -8*b - 32. Let f be q(-9). Suppose -12 = -4*n, 266